{"id":118,"date":"2015-11-27T10:45:05","date_gmt":"2015-11-27T10:45:05","guid":{"rendered":"http:\/\/demos.artbees.net\/jupiter5\/transportation\/?page_id=118"},"modified":"2021-03-11T11:36:49","modified_gmt":"2021-03-11T11:36:49","slug":"productos","status":"publish","type":"page","link":"https:\/\/www.autopartesteca.com.ar\/index.php\/productos\/","title":{"rendered":"Productos"},"content":{"rendered":"[vc_row animation=\u00bbbottom-to-top\u00bb css=\u00bb.vc_custom_1598977319422{padding-top: 140px !important;padding-bottom: 10px !important;padding-left: 5px !important;background-image: url(https:\/\/www.autopartesteca.com.ar\/wp-content\/uploads\/2020\/09\/productos-3.jpg?id=414) !important;background-position: center !important;background-repeat: no-repeat !important;background-size: cover !important;}\u00bb][vc_column][mk_title_box color=\u00bb#433d60&#8243; highlight_color=\u00bb#ffffff\u00bb highlight_opacity=\u00bb1&#8243; size=\u00bb60&#8243; font_weight=\u00bb300&#8243; letter_spacing=\u00bb2&#8243; font_family=\u00bbnone\u00bb animation=\u00bbbottom-to-top\u00bb]PRODUCTOS[\/mk_title_box][\/vc_column][\/vc_row][vc_row][vc_column][mk_portfolio style=\u00bbmasonry\u00bb hover_scenarios=\u00bblight-zoomin\u00bb image_size=\u00bbfull\u00bb meta_type=\u00bbnone\u00bb count=\u00bb16&#8243; sortable=\u00bbfalse\u00bb sortable_all_text=\u00bbTODOS\u00bb pagination=\u00bbfalse\u00bb order=\u00bbASC\u00bb][\/vc_column][\/vc_row][vc_row][vc_column][mk_padding_divider size=\u00bb55&#8243;][\/vc_column][\/vc_row][vc_row fullwidth=\u00bbtrue\u00bb fullwidth_content=\u00bbfalse\u00bb css=\u00bb.vc_custom_1448620054051{background-color: #ffc453 !important;}\u00bb][vc_column width=\u00bb5\/6&#8243;][mk_fancy_title color=\u00bb#433d60&#8243; size=\u00bb23&#8243; font_weight=\u00bb400&#8243; margin_top=\u00bb35&#8243; font_family=\u00bbOpen+Sans\u00bb font_type=\u00bbgoogle\u00bb]<strong>\u00bfQuer\u00e9s ver nuestro cat\u00e1logo de productos?<\/strong> Hac\u00e9 clic aqu\u00ed[\/mk_fancy_title][\/vc_column][vc_column width=\u00bb1\/6&#8243;][mk_padding_divider size=\u00bb25&#8243; visibility=\u00bbhidden-sm\u00bb][mk_button dimension=\u00bbflat\u00bb size=\u00bblarge\u00bb url=\u00bbhttps:\/\/www.autopartesteca.com.ar\/wp-content\/uploads\/2020\/08\/catalogo.zip\u00bb align=\u00bbright\u00bb margin_bottom=\u00bb0&#8243; bg_color=\u00bb#433d60&#8243; btn_hover_bg=\u00bb#ffffff\u00bb btn_hover_txt_color=\u00bb#433d60&#8243;]Descargar[\/mk_button][mk_padding_divider size=\u00bb30&#8243; visibility=\u00bbvisible-sm\u00bb][\/vc_column][\/vc_row]\n","protected":false},"excerpt":{"rendered":"<p>[vc_row animation=\u00bbbottom-to-top\u00bb css=\u00bb.vc_custom_1598977319422{padding-top: 140px !important;padding-bottom: 10px !important;padding-left: 5px !important;background-image: url(https:\/\/www.autopartesteca.com.ar\/wp-content\/uploads\/2020\/09\/productos-3.jpg?id=414) !important;background-position: center !important;background-repeat: no-repeat !important;background-size: cover !important;}\u00bb][vc_column][mk_title_box color=\u00bb#433d60&#8243; highlight_color=\u00bb#ffffff\u00bb highlight_opacity=\u00bb1&#8243; size=\u00bb60&#8243; font_weight=\u00bb300&#8243; letter_spacing=\u00bb2&#8243; font_family=\u00bbnone\u00bb animation=\u00bbbottom-to-top\u00bb]PRODUCTOS[\/mk_title_box][\/vc_column][\/vc_row][vc_row][vc_column][mk_portfolio style=\u00bbmasonry\u00bb hover_scenarios=\u00bblight-zoomin\u00bb image_size=\u00bbfull\u00bb meta_type=\u00bbnone\u00bb count=\u00bb16&#8243; sortable=\u00bbfalse\u00bb sortable_all_text=\u00bbTODOS\u00bb pagination=\u00bbfalse\u00bb order=\u00bbASC\u00bb][\/vc_column][\/vc_row][vc_row][vc_column][mk_padding_divider size=\u00bb55&#8243;][\/vc_column][\/vc_row][vc_row fullwidth=\u00bbtrue\u00bb fullwidth_content=\u00bbfalse\u00bb css=\u00bb.vc_custom_1448620054051{background-color: #ffc453 !important;}\u00bb][vc_column width=\u00bb5\/6&#8243;][mk_fancy_title color=\u00bb#433d60&#8243; size=\u00bb23&#8243; font_weight=\u00bb400&#8243; margin_top=\u00bb35&#8243; font_family=\u00bbOpen+Sans\u00bb font_type=\u00bbgoogle\u00bb]\u00bfQuer\u00e9s ver nuestro cat\u00e1logo de productos? Hac\u00e9 clic aqu\u00ed[\/mk_fancy_title][\/vc_column][vc_column [&hellip;]<\/p>\n","protected":false},"author":1,"featured_media":0,"parent":0,"menu_order":0,"comment_status":"closed","ping_status":"closed","template":"","meta":{"footnotes":""},"class_list":["post-118","page","type-page","status-publish","hentry"],"_links":{"self":[{"href":"https:\/\/www.autopartesteca.com.ar\/index.php\/wp-json\/wp\/v2\/pages\/118","targetHints":{"allow":["GET"]}}],"collection":[{"href":"https:\/\/www.autopartesteca.com.ar\/index.php\/wp-json\/wp\/v2\/pages"}],"about":[{"href":"https:\/\/www.autopartesteca.com.ar\/index.php\/wp-json\/wp\/v2\/types\/page"}],"author":[{"embeddable":true,"href":"https:\/\/www.autopartesteca.com.ar\/index.php\/wp-json\/wp\/v2\/users\/1"}],"replies":[{"embeddable":true,"href":"https:\/\/www.autopartesteca.com.ar\/index.php\/wp-json\/wp\/v2\/comments?post=118"}],"version-history":[{"count":14,"href":"https:\/\/www.autopartesteca.com.ar\/index.php\/wp-json\/wp\/v2\/pages\/118\/revisions"}],"predecessor-version":[{"id":487,"href":"https:\/\/www.autopartesteca.com.ar\/index.php\/wp-json\/wp\/v2\/pages\/118\/revisions\/487"}],"wp:attachment":[{"href":"https:\/\/www.autopartesteca.com.ar\/index.php\/wp-json\/wp\/v2\/media?parent=118"}],"curies":[{"name":"wp","href":"https:\/\/api.w.org\/{rel}","templated":true}]}}